*f = 5*h - f - 25. Calculate the remainder when 17 is divided by (14/(-4))/((-4)/h).
3
Let f(d) = 3*d**3 + d**2 - 1. Let o be f(1). Let x(s) = 2*s**2 - 1 - s - 9*s**2 - s**o + 0*s**2. What is the remainder when 16 is divided by x(-7)?
4
Let r(s) = s**2 - 13*s - 29. Calculate the remainder when 2 is divided by r(15).
0
Let u be -2*33/(-3) + -2. Suppose -t - u = -6*t. Calculate the remainder when 10 is divided by t.
2
Calculate the remainder when 5 is divided by (-20)/(-14) - 8/(-14).
1
Suppose 8 = 2*s - 5*l - 25, 0 = -s + 4*l + 24. Suppose -s*z + 5*x + 53 = 0, 13 = -2*z - x + 36. Calculate the remainder when 23 is divided by z.
11
Let r = 185 - 150. What is the remainder when r is divided by 4?
3
Let u(p) = p**2 - 4*p + 9. What is the remainder when 17 is divided by u(4)?
8
Let h(d) = -2*d**2 - 16*d - 3. What is the remainder when h(-4) is divided by 5?
4
Suppose -3*f = -f - 16. Let d(w) = 2*w**2 - 9*w - 30. Calculate the remainder when f is divided by d(7).
3
Let a = -180 + 198. Calculate the remainder when 86 is divided by a.
14
Let m(f) = -f + 16. Let g(a) = -a**2 - 7*a + 4. Let i be g(-7). Suppose -h + i*y - 9 = -1, -2 = h - y. What is the remainder when 46 is divided by m(h)?
14
Let q be (2/2)/(6/(-18)). What is the remainder when (-20)/(-1) - (q + 4) is divided by 10?
9
Suppose -4*x + 4*p + p + 75 = 0, -2*p = 2*x - 60. Suppose -f = -5*o + 2*f + 71, -3*f - 6 = 0. What is the remainder when x is divided by o?
12
What is the remainder when 16 is divided by (3 - 4)/((-1)/12)?
4
Let l(r) = r - 2. Suppose -k = -w - 9, -5*k = 4*w - 5*w - 53. What is the remainder when 25 is divided by l(k)?
7
What is the remainder when 227 is divided by (2/4*-92)/(-1)?
43
Let u(g) = -g + 3. Let r be u(0). What is the remainder when 7*r - (6 + -4) is divided by 5?
4
Let a be (-5)/(30/(-81))*6. Suppose 2*q + q = a. Calculate the remainder when q is divided by 14.
13
Let f be (-33)/(-9) - (-4)/12. What is the remainder when 37/f + (-5)/20 is divided by 5?
4
Suppose 4*r - 128 = -0*r. Let y be 0/(-2) + 1 + 1. What is the remainder when r is divided by (-3 + 4)/(y/22)?
10
Suppose -9*j + 7*j = -86. Let z = j - -7. Calculate the remainder when z is divided by 13.
11
Suppose 8*j = 5*u + 3*j - 95, 2*u = -5*j + 38. What is the remainder when 36 is divided by u?
17
Suppose 5*v - 95 = -2*x, 0 = 4*v - 0*v - 4*x - 76. What is the remainder when v is divided by 5?
4
Suppose -3*w + 5*y - 16 = 0, 3*w - 3*y = 6 - 30. Suppose 5*c = 4*x - 60, 1 + 83 = 5*x - 4*c. What is the remainder when (-286)/(-10) + w/x is divided by 10?
8
What is the remainder when 23 is divided by (28/(-20))/(2/(-20))?
9
Let u(x) = 9*x + 7. Let k be u(-7). Let r = 91 + k. Suppose 0 = l - 0*l - 12. What is the remainder when r is divided by l?
11
Let w(l) = -l + 4. Let o be w(0). Let v(c) = -c**3 + 5*c**2 + 3*c - 5. Let p = 19 + -11. Calculate the remainder when v(o) is divided by p.
7
Suppose 7 = -4*y + 19. Let s(h) = h**3 - 3*h**2 + 2*h + 2. Calculate the remainder when y is divided by s(2).
1
Calculate the remainder when 27 + 0 + 3 - 3 is divided by 15.
12
Calculate the remainder when 51 is divided by 5 + -1 + (-6 - -15).
12
Suppose -2*l = 1 + 1. Calculate the remainder when 29 is divided by l/(-3)*3*15.
14
Suppose 5*p - 66 = 3*v, -75 = -5*p + p - 5*v. Calculate the remainder when 58 is divided by p.
13
Calculate the remainder when 141/3*1 + 5 is divided by 18.
16
Suppose q = 4*k - 20 + 2, 0 = -k + 4*q + 12. Suppose -3*m - 4*c + 69 = 0, -2*m + 3*c - k*c = -46. Calculate the remainder when m is divided by 8.
7
Suppose -17 = -2*a + 3. What is the remainder when 34 is divided by a?
4
Let f(b) = 2*b**2 - 4*b - 35. What is the remainder when f(8) is divided by 22?
17
What is the remainder when 3/(-6)*-1 - 123/(-2) is divided by 32?
30
Let d = -186 + 194. Suppose 56 = n + 3*n. What is the remainder when n is divided by d?
6
Let l(y) be the second derivative of -y**5/20 - 2*y**4/3 + 7*y**2/2 + 3*y. Calculate the remainder when 11 is divided by l(-8).
4
Let b(t) = t**2 + 10*t + 1. What is the remainder when 68 is divided by b(-11)?
8
Let t(n) = -16*n**2 + 1. Let s be t(-1). Let o = s - -25. Suppose 16 = 4*z, -2*v = v - 3*z - 39. What is the remainder when v is divided by o?
7
Suppose -5*i + i = -104. Let l = -16 + 65. What is the remainder when l is divided by i?
23
Let w = -51 - -69. Calculate the remainder when w is divided by 11.
7
Suppose -7 = -3*i + 71. What is the remainder when i is divided by 11?
4
Let m = 9 - -71. Let f = -24 - -37. Calculate the remainder when (60/(-16))/((-6)/m) is divided by f.
11
Let z = -98 - -99. Calculate the remainder when 2 is divided by z.
0
Let k(r) be the third derivative of -1/6*r**3 + 0*r - 1/6*r**4 - r**2 + 0. What is the remainder when k(-3) is divided by 6?
5
Let a(t) = t**3 - 21*t**2 + t - 18. What is the remainder when 6 is divided by a(21)?
0
Let m(g) = g - 4. Let o be m(5). Suppose 3*p + 41 = 2*u, p + 73 = 4*u - 2*p. Calculate the remainder when u is divided by (1 - -8) + (1 - o).
7
Let y be (75/20)/(2/24). Calculate the remainder when 18 is divided by y/12*(-8)/(-3).
8
Suppose 0 = 52*d - 46*d - 510. Calculate the remainder when d is divided by 22.
19
Let j(w) = 3*w**2 + 2*w - 1. Let g = -2 - -3. What is the remainder when (-33)/2*(-4)/6 is divided by j(g)?
3
Let p = 81 - 36. Let l be (-18 - 1)/((-1)/(-1)). Let t = 42 + l. What is the remainder when p is divided by t?
22
Let v = 160 + -136. Let c = 1 - -12. Calculate the remainder when v is divided by c.
11
Let q(j) = j**3 - 3*j**2 + 3*j - 1. Calculate the remainder when 22 is divided by q(3).
6
Suppose -2*d - 2*d - 5*r + 28 = 0, r - 20 = -2*d. What is the remainder when 82 is divided by d?
10
Let k(l) = l**3 + 4*l**2 - l - 4. Let a be k(-4). Suppose a = -y + 3 + 31. Calculate the remainder when y is divided by 0 - (-1)/((-2)/(-24)).
10
Suppose 3*b - 39 = -3*z, -2*z - 3*b = -z - 23. Calculate the remainder when 7*-3*(5 + -6) is divided by z.
5
Suppose -4*d - 2*f = -48, 3*f = 5*f + 4. Let r = -37 + 44. What is the remainder when d is divided by r?
6
Let o = 184 - 90. Calculate the remainder when o is divided by 24.
22
Let m = 254 - 37. What is the remainder when m is divided by 44?
41
Let c(y) = 3*y + 23. Calculate the remainder when c(0) is divided by 13.
10
Let m(h) = 10*h. Let q be m(-1). Let j(k) = -k**2 - 11*k. Calculate the remainder when 18 is divided by j(q).
8
Let c = 2 + -1. Let j = -6 + 7. Suppose 3*o + j = 4*o. What is the remainder when o is divided by c?
0
Let l = 74 + -46. What is the remainder when 111 is divided by l?
27
Suppose -12 = i - 5*i. Suppose -116 = -i*c + 19. Calculate the remainder when c is divided by (-2)/(-4)*(8 - 80/(-5)).
9
Let r = 63 + -43. Let c = r - 35. Calculate the remainder when 8 is divided by (-26)/(-10) + (-6)/c.
2
Suppose 5*h - 135 - 40 = 0. Calculate the remainder when h is divided by 18.
17
Let v(p) = -p**3 - 3*p**2 - p - 3. Let y be v(-3). Let z = y + 0. Suppose z = 4*h - 32 - 20. Calculate the remainder when 36 is divided by h.
10
Suppose -4*o - 221 = -3*c, -321 - 15 = -4*c - 5*o. What is the remainder when c is divided by 27?
25
Suppose -8 = 4*c, -2*w - 5*c = w - 38. Suppose 0 = -m + 4*m + 9. What is the remainder when w is divided by (-1)/(-3) + (-17)/m?
4
Suppose -u + 45 = -4*u. What is the remainder when 29 is divided by -2 + (0 - u) - -3?
13
Let k(n) = 2*n**2 + 4*n + 2. Let q be k(-2). Suppose x = -5*h + 3*h - q, 2*h = 3*x - 18. What is the remainder when x is divided by (-26)/(-8) + 2/(-8)?
1
Let f(c) = c**3 + 4*c**2 - 6*c + 11. Let g(r) = -r**2 + 9*r - 9. Calculate the remainder when f(-4) is divided by g(6).
8
Calculate the remainder when 96 is divided by (24 - 1) + -5 + (-12)/(-6).
16
Suppose -3*g - 20 = -2*h, -h + 7*g = 2*g - 17. Calculate the remainder when ((-18)/5)/((-6)/20) is divided by h.
5
Let l = -15 - -17. What is the remainder when l is divided by 1?
0
Suppose 0 = -4*z, -s - s - z = -16. Let o = 68 + -39. What is the remainder when o is divided by s?
5
Let r = 8 - 2. Calculate the remainder when ((-220)/r)/(6/(-9)) is divided by 19.
17
Suppose 3*p = -s + 69, -3*p + 115 = 2*p + 4*s. What is the remainder when p is divided by 8?
7
Calculate the remainder when (15*1)/((-12)/(-64)) is divided by 27.
26
Let o = 450 - 65. Suppose -y = 5*f - 145 - 0, 3*y -